 - 4) + 7
-30
Evaluate 0 + 1 + -93 + 95 + -93 - 1.
-91
What is (3 - 28) + (-42 + 37 - (-4 - (-5 - -3)))?
-28
Calculate -47 + 30 - -26 - (-9 + (6 - -17)).
-5
Evaluate 4 + ((-48 - -108) + -34 - (5 + -2)).
27
What is 54 - (69 + -20 + -22)?
27
What is (0 + -3 - -8) + 210 + -244?
-29
Calculate 12 - (-27 + 9 + -38 + 6).
62
Calculate -6 + -1 - (1 + -5 + -6 + -1 - -55).
-51
What is the value of 73 - (47 - (-60 - -52))?
18
Evaluate ((-14 - -29) + -16 - 2) + -7 - -8.
-2
(1 - 54) + 65 - (-7 + 2 + 0)
17
-22 + 16 - ((-18 - (-1 - (0 + 10))) + -25)
26
Evaluate -259 - -186 - (-49 + -5).
-19
What is the value of -1 + -6 - (51 - 5 - (35 + -42))?
-60
What is -470 + 494 - (-4 + 50 + 2)?
-24
What is -58 + -57 + 196 + -13?
68
What is the value of 21 + (-6 - ((8 - 21) + 2) - (-11 + 6))?
31
What is 38 + 1 - (223 + -183)?
-1
What is the value of -36 + -55 + 81 - (-28 - 1)?
19
Calculate -30 - (10 - (-19 - (-15 + -21))).
-23
What is the value of (294 - 236) + (0 + 3 + 0 - (70 - 74))?
65
Calculate -7 + (-3 - -1) + 2 + (80 - (-6 - -14)).
65
Calculate 4 + (-17 + 23 - (-5 - (-3 + -10))) + -10.
-8
What is (-34 - (-28 + (24 - -20))) + 31?
-19
-91 - ((-24 - 1 - (-33 + 23)) + -7)
-69
Calculate 48 + -31 + -27 - 28.
-38
-32 - (101 + -25) - ((18 - 13) + -13)
-100
What is (-71 - (15 - 44 - -23)) + (-7 - -1)?
-71
What is the value of -142 - (-85 - (-69 + 82))?
-44
What is -54 + 68 + -48 - -71?
37
What is 14 + -55 + (-2 - (41 + 0))?
-84
Evaluate -97 + (57 - -2) - 9.
-47
Evaluate 133 + (13 - 120) + (-14 - 2) - (-78 + 1).
87
Evaluate 49 + -34 + 19 + 2 + -6.
30
Calculate (2 - (-1 + -75 + (126 - 138))) + -9 + 2.
83
Evaluate (-6 + -14 - -38) + -2.
16
What is 68 - 13 - 138 - -39?
-44
Evaluate (2002 - 1995) + (13 - 0).
20
What is the value of 47 + -35 - (-96 + 4 + -4 + -4 - -2)?
110
Calculate 22770 + -22807 - (0 + -2 + 18).
-53
Calculate 7 + -20 - (-21 - -14) - -7 - 3.
-2
What is the value of 34 + (-43 - -14 - -21) + 6 + -3 + 5?
34
(0 - -16) + 490 + -558 + -1 + 1
-52
-11 + -5 + (-7 - (-5 - -2)) + 17
-3
Evaluate (-30 - -52) + (-27 + 10 - 3) + -102.
-100
-21 - ((14 - 43 - -18) + 5 + 1 - -5)
-21
What is 13 + 29 + -37 + -84 + 2 + 0?
-77
1 + (21 - -1) - (-3723 + 3718)
28
Calculate (17 - (5 + 77)) + (5 - (-9 - -2)).
-53
What is the value of 1 + -12 + -17 + (4 - 0) + -566 + 599?
9
What is the value of (180 - 28) + 127 + -203?
76
Calculate 7 + (18 + 0 - 13) + (6 - 3) + -2.
13
What is 23 - (26 - 104) - 156?
-55
Evaluate -44 + (-22 - (-21 + 10 + -15)).
-40
What is 24 - 36 - 45 - -17?
-40
Calculate -6 + 48 + (38 - 39).
41
(12 - (9 + 10 + -12)) + -24 + 8 - -18
7
What is -3 - (-41 + 3 - (-21 + -3))?
11
What is the value of -58 + (2 + (6 - (-4 + 4)) - 8) + 8?
-50
Calculate (-35 - (-32 - -71)) + 127.
53
What is the value of -5 + 2 + 2 + -94 + -5111 + 5117?
-89
What is the value of -20 + (1 - 13 - (83 + -125))?
10
What is (52 + -7 - 6) + 9 - (-34 - -23)?
59
What is -51 - (-109 - (-22 - 43))?
-7
What is the value of (-52 + 91 - (-64 - -51)) + 1 + -23?
30
75 + (-41 - -136) - 149
21
Calculate 77 - (339 - 288) - (92 + 1).
-67
Calculate 31 + (53 + -52 - (4 + 0 + (-21 - -27))).
22
Calculate -10 + (-64 - -40) + (2 - -23).
-9
What is the value of -18 - ((-10 + -8 - -16 - 3) + 12)?
-25
(-2 + 2 - 67) + (6 - (-26 - (11 + -34)))
-58
Calculate (11 - (-3 + -6)) + -28 - -26.
18
15 + (12 - 15) - (8 + -8)
12
Evaluate (9 - 78) + (-61 - -111).
-19
What is the value of 63 + (-45 - -14) + 10 + 1?
43
What is 3 + 69 - 53 - 66?
-47
What is 420 - 421 - (2 + 76)?
-79
-41 + 62 + (53 - 99)
-25
What is (-22 + 29 + -6 - (2 - 1)) + -26 + 1?
-25
What is (1116 + -1138 - (0 + -18)) + (24 - 1) + -5?
14
What is 32 + (1 + (20 - 3) - (-302 + 306))?
46
(35 + -18 - -33) + (7 + 1 - 0 - 0)
58
What is -3 - -3 - ((-36 - -33) + 7 + -3) - -14?
13
Evaluate 52 - ((2 - (2 + -20)) + 5733 + -5746).
45
Calculate 1 - 11 - (1 + -3) - (91 + -254 - -216).
-61
(-5 - (2 - 20) - 8) + -4 - (-62 + -3)
66
Evaluate (-47 + -11 - -65) + (-43 - -3) + 0 + 1.
-32
What is -3 - (0 + -4 + 39 + (7 - 41))?
-4
Calculate -4 - -16 - 87 - -33.
-42
What is (193 + -212 - (1 + -45)) + 2?
27
What is -3 + (11 - -11) - (115 - 63)?
-33
Evaluate -19 - (-8 + 4) - -19 - 2.
2
Evaluate 19 + (-10 - 17) + 9 + 3 + -6 - -55.
53
Calculate 8 + -6 + -27 + -8.
-33
Calculate 0 + -9 - (2 + 10 + -55 + 100 + -20).
-46
Evaluate -57 + 1 + (-34 - (36 - 38) - -39).
-49
Evaluate -87 - ((21 - 41) + -29).
-38
What is -47 + (16 - 1) + 0 + -7 + (-3 - -5)?
-37
Evaluate -27 + -14 + 44 + -42.
-39
Calculate (-2 + 1 - 43) + -98 + (97 - 5).
-50
Calculate -13 + (-8 - (-3 + 16 - 64)) + 15.
45
(34 - (33 - (28 - 12))) + -7 + -16
-6
Evaluate (-28 - 0) + (-432 - -512).
52
Evaluate (-1 - -70) + (-54 - -54) + -8 + (-5 - -14).
70
Evaluate -1 + -11 + (0 + 41 - (1454 + -1447)).
22
Evaluate 17 + -19 + -14 + 14 - 28.
-30
What is the value of 2 - (-41 + -5 + 6 - -3) - 19?
20
-31 - (-11 - -11) - 18
-49
Evaluate (30 - 28) + 2 + 21 - -11.
36
-381 + 442 + (-10 - 3)
48
Evaluate -9618 + 9629 - (14 + -105 - (0 + -1 + 1)).
102
What is (-40 - (3 + -2 - (11 + -2 - 1))) + 4?
-29
What is the value of -4 + (26 - 20) + -5 - (1 + -61 - 2)?
59
What is (-2 - (-5 - -11) - (56 - 48)) + 30?
14
Evaluate (11 - -6 - 3) + (0 - -25).
39
What is (14 - (-6 - (9 + -22))) + 57?
64
What is the value of (-6 - (-58 + 25)) + -20 + 2 + 27?
36
Evaluate -23 - (-4 - -32 - 15 - 3).
-33
Evaluate 2 + -8 + 1 - -2 - (-1 - 16).
14
Calculate 26 + (20 - (-7 - -24) - -10).
39
Calculate 0 - -6 - ((-83 - 131) + 98).
122
What is 195 + -127 + 4 + -114?
-42
(1 - (-19 - -23 - -34)) + 19
-18
What is -87 + (62 - 28) + 80?
27
What is the value of 3 + 49 + -927 + 922?
47
-36 - 0 - 2 - (19 - 1 - 16)
-40
-137 + -28 + 107 + -15
-73
Evaluate -75 - -100 - 9 - -51.
67
Evaluate 2 + (-16 - -6) + (-5 - -2) - 28.
-39
Calculate -4 - -6 - (16 + -13 + 45).
-46
What is the value of 56 + (-20 - (43 + -17))?
10
What is the value of (1 - (-5 + 1 - (0 - 11))) + (-87 - -37)?
-56
Evaluate (-25 - (-12 + (10 - -4) + 10)) + (1 - -3).
-33
Evaluate (104 - (196 + -38)) + -7.
-61
Evaluate 127 + (39 + -30 - 26) - 31.
79
-37 + 1 - (-114 - -72 - -43)
-37
Evaluate (22 - (7 + 5 + 2)) + 6.
14
What is the value of 2 + (-1 - -9) - (897 - 878)?
-9
(44 - 1) + (5 + -7 - (88 - 69)) + 32
54
Calculate -48 + (224 - (-12 - -104)).
84
What is the value of -28 + -19 - (-85 - -53)?
-15
What is (20 + 34 - 16) + (28 - 6)?
60
What is the value of 1 + -29 + (28 - (41 + -9))?
-32
What is 1 - 2 - (7 + 7 - (4 + 13) - 1)?
3
What is the value of (-82 - -84) + (-6 - ((3 - 27) + 6))?
14
Evaluate (-25 - (5 + -16)) + 14 - (37 - -1).
-38
Calculate (49 + -88 + 24 - -36) + (0 - (-5 + 1)).
25
Calculate 324 - 358 - (-1 + -28) - (-3 - (-113 - 3)).
-118
What is the value of (1 - (-9 + -2)) + 64 + -100 + 46?
22
Calculate (53 + -53 - -51) + -43 + (-142 - 1).
-135
92 + -17 + 17 + (23 - -5) + -7
113
What is the value of -3824 - -3835 - (2 - -1 - -23)?
-15
-9 + -4 + 37 - -48 - (-6 + 1)
77
(11 - 22) + 2 + (4 - 2) + 21 + 16
30
Evaluate 2 + -1 + 35 + (5 - -7 - 8 - 12).
28
Calculate (-1 - (123 + -5 - 5)) + (-71 - -87).
-98
What is the value of 62 + (-10 - ((16 - 14) + -8 - (-9 + 4)))?
53
What is the value of (-2 - 2) + -12 - ((1 + 11 - -6) + -10)?
-24
What is -68 - -2 - ((5 - 1 - 15) + (2 - -9))?
-66
Calculate (-2 - 14) + (-20 - (120 + (-41 - -4 - -11))).
-130
What is (8 - 1 - 9 - -5) + 58 - 12?
49
What is 41 - (2 + -55 + 95)?
-1
What is (23 - (92 + -16 - 6)) + -4?
-51
Evaluate -105 - (-71 - (-45 - -48)).
-31
What is 37 - ((4 + -1 - 13) + 9)?
38
-33 + 11 + -16 + 59
21
What is the value of 15 - (-79 - (-22 - 42))?
30
Calculate 158 + -234 - ((-1 + -3 - -4) + -6 + -8).
-62
-1 - (31 + (-108 - -23))
53
-1 + -21 + 5 + 19 + 1 + -12
-9
What is the value of -4 + 6 + -12 + 3 + (38 + -29 - 8)?
-6
(-13 + -4 + 7 - (-1 - (-1 + 2))) + 5
-3
Evaluate 9 + -1 + 5 + -4 + (22 - -16) + -62.
-15
Calculate (1 + 0 - -55) + 1255 + -1222.
89
What is the value of 48 - (-1 - -44 - 19) - 21?
3
9 - -2 - (24 - 10) - (-110 + 9)
98
(59 - 52) + -5 - -25
27
Calculate (-22 + 7 - 3) + -83 + 122.
21
Calculate -16 + (-1 - -6) + (39 - 21 - -41).
48
Calculate 11 + (-12 - -15) + 5 + -57.
-38
Calculate -1 - -6 - (-28 + 23) - (-9 + 2 - -14).
3
What is the value of 20 - (29 + -17 - 9 - (-10 + 1))?
8
Calculate (6 - 5) + (-3 - -6 - 11) + -33 + -14.
-54
What is -21 + -26 - -17 - (1 + 2) - -9?
-24
Evaluate